2634 and 95.
19
What is the highest common factor of 6589 and 66?
11
Calculate the greatest common factor of 441 and 1899.
9
What is the highest common divisor of 194 and 9797?
97
What is the highest common factor of 74751 and 6?
3
Calculate the highest common divisor of 54669 and 6.
3
Calculate the greatest common factor of 1841688 and 720.
72
Calculate the highest common factor of 24 and 647034.
6
Calculate the highest common divisor of 1785 and 12285.
105
What is the highest common factor of 7967 and 186?
31
Calculate the highest common divisor of 135 and 305775.
135
Calculate the greatest common factor of 1170 and 60930.
90
What is the greatest common divisor of 268391 and 236?
59
What is the greatest common divisor of 666090 and 270?
270
Calculate the highest common divisor of 13376 and 38.
38
What is the greatest common divisor of 18 and 74619?
9
Calculate the greatest common factor of 35 and 7856135.
35
What is the highest common divisor of 235575 and 6075?
675
What is the highest common factor of 13472 and 320?
32
What is the highest common divisor of 33057 and 18?
9
Calculate the highest common factor of 9477 and 3081.
39
Calculate the highest common factor of 216 and 277408.
8
What is the highest common divisor of 11 and 72809?
11
Calculate the highest common factor of 366865 and 1195.
1195
Calculate the highest common factor of 8 and 7464472.
8
What is the highest common factor of 4936 and 136?
8
What is the greatest common divisor of 25077 and 1794?
39
Calculate the highest common divisor of 163113 and 3.
3
What is the highest common divisor of 23 and 1366637?
23
Calculate the greatest common factor of 217925 and 391.
23
What is the greatest common divisor of 3305748 and 164?
164
Calculate the highest common divisor of 14399 and 110.
11
What is the highest common divisor of 501216 and 184?
184
Calculate the highest common divisor of 906 and 298678.
302
What is the highest common factor of 62374 and 611?
13
What is the highest common factor of 26 and 160927?
13
Calculate the highest common factor of 212 and 16165.
53
Calculate the highest common factor of 89029 and 629.
17
Calculate the greatest common factor of 80150 and 154.
14
Calculate the highest common factor of 20 and 56305.
5
Calculate the greatest common divisor of 103422 and 132.
66
What is the highest common divisor of 4864 and 111104?
256
Calculate the greatest common divisor of 6731 and 520192.
127
What is the greatest common factor of 213 and 1765983?
213
What is the greatest common divisor of 1112 and 823714?
278
Calculate the highest common factor of 41 and 3769540.
41
What is the highest common factor of 1057711 and 57?
19
Calculate the highest common divisor of 297 and 803.
11
Calculate the greatest common factor of 1119114 and 72.
18
Calculate the greatest common factor of 8631 and 3141.
9
Calculate the greatest common factor of 2275 and 96850.
325
Calculate the highest common factor of 40 and 8088.
8
What is the highest common divisor of 18456 and 2544?
24
What is the greatest common divisor of 7306 and 29926?
26
What is the greatest common factor of 37858 and 4048?
46
What is the greatest common divisor of 21528 and 572?
52
What is the greatest common factor of 1391 and 9867?
13
Calculate the highest common factor of 90 and 558740.
10
What is the greatest common factor of 774613 and 574?
287
What is the highest common divisor of 1470 and 299040?
210
Calculate the highest common factor of 83259 and 99.
99
Calculate the highest common factor of 1266264 and 688.
344
What is the greatest common divisor of 85131 and 81?
81
What is the highest common divisor of 319842 and 432?
54
Calculate the highest common factor of 112 and 3454192.
112
What is the highest common factor of 2106 and 414?
18
What is the highest common factor of 2676 and 2589030?
1338
What is the highest common divisor of 44 and 17743?
11
What is the greatest common divisor of 29961 and 9?
9
What is the highest common factor of 60903 and 201?
201
What is the greatest common factor of 407 and 334147?
407
Calculate the highest common factor of 612 and 11352.
12
What is the highest common divisor of 14 and 2271206?
14
Calculate the greatest common divisor of 24 and 74436.
12
What is the highest common factor of 16848 and 4374?
162
What is the greatest common factor of 47345 and 1615?
85
What is the highest common divisor of 103 and 2203891?
103
Calculate the greatest common divisor of 8091 and 837.
279
Calculate the greatest common factor of 480 and 2439120.
240
What is the highest common divisor of 392 and 416?
8
What is the highest common divisor of 19386920 and 280?
280
Calculate the greatest common factor of 20 and 20084.
4
Calculate the highest common factor of 78 and 3822.
78
What is the greatest common factor of 262797 and 753?
753
Calculate the highest common divisor of 470 and 56860.
10
Calculate the greatest common divisor of 441 and 223734.
147
What is the greatest common divisor of 25 and 11926825?
25
Calculate the highest common divisor of 705 and 1319478.
141
What is the greatest common divisor of 275440 and 176?
176
Calculate the highest common factor of 152529 and 3471.
39
Calculate the greatest common divisor of 19494 and 405.
27
What is the greatest common factor of 231 and 3594657?
33
Calculate the highest common factor of 2232 and 2294.
62
What is the greatest common divisor of 8184 and 96?
24
Calculate the greatest common divisor of 2960 and 28880.
80
What is the greatest common factor of 3367983 and 1698?
849
Calculate the greatest common divisor of 4266480 and 90.
30
Calculate the greatest common divisor of 382995 and 135.
135
Calculate the highest common divisor of 5445 and 2057.
121
What is the highest common divisor of 1700762 and 287?
287
What is the greatest common factor of 80865 and 10?
5
Calculate the greatest common divisor of 240 and 5988480.
240
Calculate the greatest common factor of 34 and 220337.
17
What is the highest common divisor of 39263 and 237?
79
What is the highest common divisor of 84 and 702492?
84
Calculate the highest common factor of 250803 and 945.
189
What is the highest common divisor of 19539 and 13221?
117
What is the greatest common divisor of 26730 and 18360?
270
What is the greatest common factor of 7284 and 137789?
607
Calculate the highest common divisor of 99 and 1135992.
33
What is the greatest common factor of 12024 and 13548?
12
Calculate the greatest common factor of 59733 and 18.
9
Calculate the greatest common divisor of 7690 and 4.
2
Calculate the greatest common factor of 975 and 56625.
75
Calculate the greatest common divisor of 27813 and 438.
219
Calculate the greatest common factor of 21627 and 123444.
243
What is the greatest common factor of 152 and 1080?
8
What is the greatest common divisor of 12952 and 72?
8
Calculate the greatest common factor of 295 and 62776.
59
What is the greatest common divisor of 73671 and 312?
39
What is the greatest common factor of 2465 and 14450?
85
Calculate the highest common factor of 15 and 136575.
15
Calculate the highest common divisor of 440437 and 423.
47
What is the highest common factor of 728272 and 736?
368
Calculate the greatest common factor of 7137 and 585.
117
What is the highest common divisor of 33860 and 60?
20
What is the highest common divisor of 10835 and 20735?
55
Calculate the greatest common divisor of 164 and 260842.
82
What is the greatest common factor of 8549 and 11122?
83
What is the highest common divisor of 1211052 and 129?
129
Calculate the highest common factor of 1740 and 10295.
145
What is the highest common factor of 18165 and 330?
15
Calculate the highest common divisor of 1136 and 15728.
16
What is the highest common divisor of 1260 and 314460?
180
What is the highest common divisor of 1316 and 69607?
47
What is the highest common divisor of 133 and 43909?
19
What is the greatest common divisor of 469016 and 184?
184
What is the greatest common divisor of 18086838 and 847?
847
Calculate the greatest common factor of 14402 and 660976.
758
What is the highest common factor of 2165 and 15?
5
Calculate the highest common factor of 3472 and 8064.
112
Calculate the highest common divisor of 56 and 250.
2
Calculate the highest common factor of 5004 and 660.
12
Calc